tor of 168 and 896?
56
Calculate the greatest common divisor of 23 and 943.
23
What is the highest common divisor of 648 and 16?
8
Calculate the highest common divisor of 22 and 1958.
22
Calculate the highest common factor of 684 and 180.
36
Calculate the highest common factor of 9 and 4.
1
What is the greatest common divisor of 639 and 284?
71
What is the highest common factor of 52 and 130?
26
What is the highest common divisor of 30 and 282?
6
Calculate the highest common divisor of 2453 and 77.
11
What is the greatest common factor of 34 and 102?
34
Calculate the highest common divisor of 1280 and 240.
80
Calculate the highest common divisor of 1853 and 109.
109
What is the highest common factor of 18045 and 9?
9
Calculate the highest common factor of 1391 and 535.
107
Calculate the highest common divisor of 204 and 1564.
68
Calculate the highest common factor of 1005 and 15.
15
Calculate the highest common divisor of 42 and 192.
6
What is the greatest common divisor of 162 and 42?
6
Calculate the highest common divisor of 2568 and 107.
107
What is the highest common divisor of 8 and 74?
2
Calculate the greatest common factor of 16 and 104.
8
What is the greatest common factor of 26 and 24154?
26
What is the highest common factor of 6 and 972?
6
Calculate the greatest common factor of 368 and 92.
92
What is the highest common factor of 3712 and 29?
29
What is the greatest common factor of 1809 and 189?
27
Calculate the greatest common factor of 1965 and 262.
131
What is the highest common divisor of 2212 and 252?
28
What is the highest common divisor of 500 and 810?
10
What is the greatest common factor of 24832 and 64?
64
What is the greatest common divisor of 4025 and 5313?
161
Calculate the highest common factor of 230 and 170.
10
What is the highest common divisor of 22 and 5874?
22
Calculate the greatest common factor of 51 and 54.
3
What is the greatest common divisor of 28 and 2296?
28
What is the highest common factor of 935 and 8245?
85
Calculate the greatest common divisor of 40928 and 64.
32
What is the highest common factor of 900 and 5150?
50
What is the greatest common divisor of 39 and 5?
1
What is the highest common divisor of 723 and 16147?
241
Calculate the highest common factor of 270 and 192.
6
Calculate the highest common divisor of 134 and 3551.
67
What is the greatest common factor of 19006 and 68?
34
What is the greatest common divisor of 80 and 13520?
80
Calculate the greatest common factor of 4247 and 1918.
137
What is the highest common factor of 12 and 7770?
6
Calculate the highest common divisor of 29 and 1479.
29
What is the highest common divisor of 48 and 204?
12
What is the highest common factor of 420 and 36?
12
What is the greatest common divisor of 70 and 670?
10
What is the highest common divisor of 91 and 52?
13
What is the highest common factor of 124 and 31?
31
What is the greatest common factor of 21 and 8603?
7
Calculate the greatest common divisor of 5 and 355.
5
What is the highest common divisor of 24 and 5064?
24
What is the highest common divisor of 2060 and 20?
20
Calculate the highest common factor of 1026 and 702.
54
Calculate the highest common divisor of 18 and 387.
9
Calculate the highest common divisor of 451 and 41.
41
Calculate the greatest common divisor of 1304 and 2119.
163
Calculate the highest common divisor of 272 and 32.
16
What is the greatest common factor of 143 and 2743?
13
What is the highest common divisor of 32 and 328?
8
Calculate the greatest common divisor of 192 and 180.
12
Calculate the greatest common factor of 8 and 104.
8
What is the highest common divisor of 14337 and 118?
59
Calculate the highest common factor of 175 and 40775.
175
What is the highest common divisor of 16 and 1?
1
What is the highest common factor of 25 and 155?
5
Calculate the greatest common factor of 38076 and 57.
57
What is the highest common factor of 65 and 117?
13
What is the highest common factor of 966 and 4416?
138
What is the greatest common factor of 56 and 16?
8
What is the highest common divisor of 68 and 72?
4
What is the highest common divisor of 176 and 77?
11
What is the greatest common factor of 18 and 765?
9
What is the greatest common divisor of 851 and 46?
23
Calculate the greatest common divisor of 156 and 598.
26
Calculate the highest common factor of 931 and 38.
19
What is the greatest common factor of 78 and 26?
26
Calculate the highest common divisor of 368 and 16.
16
Calculate the highest common factor of 54 and 1026.
54
Calculate the highest common factor of 36 and 28053.
9
What is the greatest common factor of 144 and 88?
8
What is the highest common divisor of 2 and 8432?
2
What is the greatest common factor of 42 and 546?
42
Calculate the greatest common factor of 23 and 736.
23
What is the highest common divisor of 1313 and 715?
13
Calculate the highest common factor of 1073 and 29.
29
Calculate the highest common factor of 45 and 1395.
45
What is the greatest common factor of 41 and 205?
41
What is the greatest common factor of 26 and 1040?
26
Calculate the greatest common divisor of 270 and 6264.
54
Calculate the highest common factor of 30612 and 12.
12
Calculate the highest common divisor of 88 and 1243.
11
Calculate the greatest common factor of 60 and 300.
60
What is the highest common divisor of 48 and 816?
48
Calculate the greatest common factor of 48 and 1008.
48
Calculate the greatest common factor of 7008 and 96.
96
Calculate the greatest common divisor of 182 and 28.
14
Calculate the highest common factor of 1218 and 63.
21
What is the greatest common divisor of 6 and 54?
6
Calculate the highest common factor of 574 and 126.
14
Calculate the highest common divisor of 260 and 12.
4
Calculate the greatest common factor of 12 and 9.
3
Calculate the highest common divisor of 83 and 332.
83
What is the highest common divisor of 436 and 545?
109
What is the greatest common factor of 273 and 8229?
39
Calculate the highest common divisor of 13 and 208.
13
What is the greatest common divisor of 41 and 328?
41
What is the highest common factor of 3431 and 292?
73
Calculate the highest common divisor of 34 and 14654.
34
Calculate the highest common factor of 168 and 632.
8
Calculate the greatest common factor of 768 and 2496.
192
What is the highest common factor of 736 and 46?
46
What is the greatest common factor of 544 and 17?
17
What is the highest common divisor of 14 and 14?
14
Calculate the highest common divisor of 19 and 13205.
19
Calculate the highest common divisor of 1545 and 255.
15
What is the highest common factor of 31 and 4991?
31
What is the highest common divisor of 25 and 775?
25
What is the greatest common factor of 40690 and 130?
130
Calculate the greatest common divisor of 366 and 48.
6
Calculate the highest common factor of 472 and 59.
59
What is the highest common divisor of 65 and 125?
5
What is the highest common factor of 480 and 4640?
160
What is the greatest common factor of 1300 and 200?
100
What is the highest common divisor of 1485 and 2035?
55
What is the highest common divisor of 152 and 133?
19
Calculate the highest common factor of 4224 and 220.
44
What is the greatest common divisor of 22 and 33?
11
Calculate the highest common factor of 182 and 3878.
14
Calculate the highest common divisor of 841 and 29.
29
Calculate the greatest common factor of 16 and 1112.
8
Calculate the highest common factor of 136 and 1020.
68
What is the highest common factor of 20 and 125?
5
Calculate the greatest common factor of 165 and 33.
33
Calculate the greatest common factor of 841 and 29.
29
Calculate the greatest common factor of 1681 and 287.
41
What is the highest common factor of 14 and 3024?
14
What is the greatest common factor of 110 and 210?
10
Calculate the greatest common factor of 280 and 80.
40
What is the highest common factor of 56 and 91?
7
Calculate the greatest common factor of 68 and 7072.
68
Calculate the greatest common divisor of 17 and 3298.
17
Calculate the highest common divisor of 1819 and 107.
107
Calculate the greatest common divisor of 29 and 783.
29
Calculate the greatest common factor of 56 and 56.
56
Calculate the highest common factor of 40 and 3860.
20
What is the highest common divisor of 513 and 36?
9